/1) + -63. Let t = q + 140. List the prime factors of t.
2, 37
Let d(b) = b**3 + 7*b**2 + 5*b + 3. Let h be d(-6). Suppose 2*w - j - 52 = 0, 14 - 4 = -5*j. Let g = h + w. List the prime factors of g.
2, 17
Let q = -36 - -71. Let h = q + 59. What are the prime factors of h?
2, 47
Let m = 49 + -45. Suppose -m*r + 3*r = -41. List the prime factors of r.
41
Suppose 8*m + 70 = -26. What are the prime factors of 188 + m/(-4) + -2?
3, 7
Let f(v) = 26*v - 165. List the prime factors of f(14).
199
Let k = 589 - 214. List the prime factors of k.
3, 5
Let v(p) = -21 + 52 - 85 + 14*p. What are the prime factors of v(17)?
2, 23
What are the prime factors of (-1101)/(5 + 104/(-16))?
2, 367
Let o(f) = -164*f - 116. What are the prime factors of o(-6)?
2, 7, 31
Suppose 0 = -2*y + 56 + 2842. List the prime factors of y.
3, 7, 23
Let l = 19 - 13. Let n = l - -2. Let b = -3 + n. What are the prime factors of b?
5
Let g(s) = -3*s - 19. Let t(x) = -x - 6. Let d(z) = -3*g(z) + 8*t(z). Let b be d(-9). Suppose 4*j - 36 + b = 0. List the prime factors of j.
3
Let d(v) = 6*v. Let c be d(1). Suppose -150 = -4*x - 138. Suppose p - c = -x. List the prime factors of p.
3
Let v = 312 - -45. What are the prime factors of v?
3, 7, 17
Let f(a) be the third derivative of a**6/120 - 13*a**5/60 - 5*a**4/24 - 2*a**3/3 - 11*a**2. List the prime factors of f(14).
2, 61
Let j(c) = 10*c**2 - c - 4. Let a be j(-2). Let m = a + -21. List the prime factors of m.
17
Suppose 188242 + 163846 = 88*r. List the prime factors of r.
4001
Suppose 0 = 2*f - 40 + 2. Let w = f - -19. What are the prime factors of w?
2, 19
Suppose -21*f + 40 = -13*f. Suppose y - 3*y = -q - 500, 2*q = f*y - 1251. What are the prime factors of y?
251
Let q(a) = a**3 + 8*a**2 + 6*a - 1. Let b be q(-6). Suppose -3*y - b = -8*y. Let u = -4 + y. List the prime factors of u.
3
Let y(n) = n**2 - 3*n - 7. Let l be y(4). Let r(h) = -h**3 + h**2 + 8*h + 4. List the prime factors of r(l).
2
Let q be 7/(-5 + 2 + 2 - 0). Let y(o) = 2*o**2 - 6*o - 6. List the prime factors of y(q).
2, 67
Suppose -24*c = -12861 + 381. What are the prime factors of c?
2, 5, 13
Suppose 5*b + 43 = 3*o, 3*o + 9 = 2*b + 64. Let q be (161/o)/((-3)/(-63)). Suppose 7 = 4*k - q. What are the prime factors of k?
2, 3, 7
Suppose -10*t = -6*t - 12. Suppose -t*a + 280 = 31. List the prime factors of a.
83
Let r(o) be the first derivative of -o**4/4 - 4*o + 4. Let a be r(0). What are the prime factors of 178/8 + a/16?
2, 11
Suppose 3*r - 4*v = -101, -5 = -r + 2*v - 36. Let y = r - -96. What are the prime factors of -1 + y + (-12 - -10)?
2, 3
Suppose 9*o = 4710 + 10599. List the prime factors of o.
3, 7
Suppose -3*u + 15 = 2*u. Suppose 3*z = 5*z. Suppose -u*a + z*a = -48. List the prime factors of a.
2
Let u be 8 + -4 - (-1 + 1). Suppose 3*n + z - 238 - 229 = 0, -173 = -n + u*z. Suppose n = 7*b - 270. What are the prime factors of b?
61
Let s = 29 + -29. Suppose s = -v + 5*d + 205, 169 = v - d + 5*d. Let o = -131 + v. List the prime factors of o.
2, 3
Suppose -1853*m + 1845*m + 3552 = 0. List the prime factors of m.
2, 3, 37
Let d be (-2)/5 + 1662/30. Suppose -108 = -4*h - 5*v, -5*v - 235 = -5*h - d. Let b = -22 + h. List the prime factors of b.
2, 5
Let q(u) = u**3 + 14*u**2 + 12*u - 10. Suppose 5*x - 2 = -67. Let o be q(x). Suppose -o*y = 0, y - 53 = -z + 2*y. What are the prime factors of z?
53
Let v(m) = -m**2 - 64*m + 49. What are the prime factors of v(-15)?
2, 7
Suppose -5*d + 10*d = 25. Suppose -5*u + 355 = d*s, 4*u = 5*s + u - 347. What are the prime factors of s?
2, 5, 7
Suppose 5*h = -5*m + 845, h = -h - 4. Let w = m - 109. List the prime factors of w.
2, 31
Suppose 2*k + 0*k - 8 = 0. Suppose 0 = k*y + 46 + 2. List the prime factors of 2/(-12) + (-650)/y.
2, 3
Suppose 1849 = 9*o - 4820. What are the prime factors of o?
3, 13, 19
Suppose -n = 13*v - 9*v - 1810, -2*v = -2*n + 3570. What are the prime factors of n?
2, 5, 179
Let l be 2*(-4 + 2 + 13). Let z = -19 + l. Suppose x + 30 = z*x. What are the prime factors of x?
3, 5
Suppose -8*o - 126 = -15*o. Let n(f) = 4*f + 21. List the prime factors of n(o).
3, 31
Let l = -14 + 16. Suppose 0*i - 136 = -l*i. What are the prime factors of i?
2, 17
Suppose -4*v = 4*s - 2*v + 270, -2*v = -10. List the prime factors of -1 - s - (-30 - -28).
71
Let m(n) = n + 19. Let a(o) = 6*o**2 + 4*o - 3. Let t(z) = -5*z**2 - 3*z + 3. Let v(w) = 4*a(w) + 5*t(w). Let c be v(-3). List the prime factors of m(c).
2, 5
Suppose 0 = -5*s + 4*s + p - 9, 11 = s + 3*p. List the prime factors of ((-10)/(-15))/(s/(-858) - 0).
11, 13
Let u(l) = -l**2 - 21*l - 22. Let i be u(-20). What are the prime factors of 122 - -1 - i - 3?
2, 61
Let v(l) = -l**2 + 9*l - 8. Let f be v(6). List the prime factors of -99*(f/15)/(-1).
2, 3, 11
Let i(d) = d**3 + 3*d**2 - 7*d - 8. Let n be i(-4). Suppose p = 3*m + n*p - 15, -5*p + 17 = 3*m. Suppose -2*v + 372 = m*v. What are the prime factors of v?
2, 31
Let l be 30/(-45)*3/2. Let v = l - -16. What are the prime factors of v?
3, 5
Let o(q) = 34*q**2 + 201*q - 18. List the prime factors of o(-10).
2, 7
Let y = 36 + 13. Suppose 0 = -s + 2*k + y, -4*s + s = 3*k - 192. What are the prime factors of s?
59
Suppose -24*g = 5*u - 20*g - 4630, 4675 = 5*u - 5*g. List the prime factors of u.
2, 3, 5, 31
Suppose -3*o = g + 6, -5*g + o + 4 = -o. Suppose 9 = 3*i - 24. Suppose g = 3*n - i - 67. What are the prime factors of n?
2, 13
Let a be ((-24)/36)/(2/3)*-5. Suppose 2*i + 4*b - 938 = -3*i, a*i - 3*b - 924 = 0. List the prime factors of i.
2, 3, 31
Let m(h) = 62*h**2 - 7*h + 12. What are the prime factors of m(2)?
2, 3, 41
Let y(n) = -1598*n - 57. List the prime factors of y(-2).
43, 73
Suppose 0 = -4*p + 3*j + 6 + 27, 5*j - 14 = -p. Suppose p*g - 4*g = 30. Suppose g*f + 182 = 488. List the prime factors of f.
3, 17
Suppose -149*m + 151*m = -4, -u - 5*m = -4452. List the prime factors of u.
2, 23, 97
Suppose -v - 5*b - 25 = 0, -b - 5 = v - 0*b. Suppose 4*j - 2*l = -j + 301, 2*j + 5*l - 103 = v. List the prime factors of j.
59
Let b = 1074 - -133. What are the prime factors of b?
17, 71
What are the prime factors of (-89)/(-1) - (-33 + 28)?
2, 47
Suppose 380 = 45*s - 7*s. Let w(h) be the first derivative of -h**4/2 + 7*h**3 - 9*h**2/2 + h - 1. List the prime factors of w(s).
11
Let j = 43 - 38. Suppose 6*v = j*v + 13. List the prime factors of v.
13
Suppose 0 = w - 4*m - 28, w - 2*w - 2*m = -4. Suppose -7*n + 4*n - w = 0. What are the prime factors of -1*(-1)/(n/(-172))?
43
Let h be -3*(-8)/(-12)*-25. Let t = h - -11. Suppose d = 4*v - t, 86 = 5*v + d + 12. What are the prime factors of v?
3, 5
Let h(m) = -4*m**3 - 4*m**2 - 3*m - 1. Let i be h(-3). Let l = 120 - i. Suppose -5*z + 40 = -4*w, 5*z - w - l = -6*w. List the prime factors of z.
2
Suppose -2*g + 19*a - 21*a + 2466 = 0, 5*g - 4*a - 6210 = 0. What are the prime factors of g?
2, 619
Let r = 117 - -59. Suppose 0 = 2*n - 0*n - r. List the prime factors of n.
2, 11
Let w(f) = f**3 + 2*f**2 + f - 4. Let i be w(-3). Let q = i + 33. List the prime factors of q.
17
Let x = -29 - 12. Let t = 145 - x. List the prime factors of t.
2, 3, 31
Suppose 0 = 4*y + 4*k - 1197 - 111, -2*k + 324 = y. What are the prime factors of -4 + (1 - y/(-5))?
3, 7
Suppose 4*g + 1 + 20 = 3*v, -12 = -5*v - g. List the prime factors of (-5 - 1)*v/2*-22.
2, 3, 11
Suppose -3*p + 5 = -8*p + 4*z, 5*z = p + 22. Suppose 2*y - 675 = -5*t + 3*y, -t + p*y + 135 = 0. List the prime factors of t.
3, 5
Let b = 9 - 5. Suppose -b*q + 216 = 5*k, q = -3*q - 4*k + 216. List the prime factors of q.
2, 3
Let y(r) be the second derivative of r**5/20 + r**4/3 - r**2 - 3*r. Suppose 17 = -5*g + 2. List the prime factors of y(g).
7
Let v = -164 + 281. List the prime factors of v.
3, 13
Suppose c + 3*a - 1007 = 0, -4011 = c - 5*c + 5*a. List the prime factors of c.
2, 251
Let g(h) = -5 - 5*h**2 - 3*h - 5*h**3 + 4*h**3 - h**2. Let c(r) = 2*r**3 + 22*r**2 - 2*r - 29. Let n be c(-11). List the prime factors of g(n).
5, 13
Let g be (-1 - 2)*44/6. What are the prime factors of (-1)/22*-4 + (-4352)/g?
2, 3, 11
Let f(b) = b**3 - 5*b**2 - 18*b + 1. Let t be f(-5). Let h = 285 + t. What are the prime factors of h?
2, 3, 7
Let m be (-141)/(-18) + (-2)/(-12). Suppose -m*n + 5184 = 10*n. What are the prime factors of n?
2, 3
Suppos